{"id":4491,"date":"2009-09-08T16:33:06","date_gmt":"2009-09-08T16:33:06","guid":{"rendered":"https:\/\/pablofrias.com\/index.php\/about\/"},"modified":"2025-06-09T14:48:13","modified_gmt":"2025-06-09T14:48:13","slug":"about","status":"publish","type":"page","link":"https:\/\/pablofrias.com\/index.php\/about\/","title":{"rendered":"Sobre m\u00ed"},"content":{"rendered":"\t\t<div data-elementor-type=\"wp-page\" data-elementor-id=\"4491\" class=\"elementor elementor-4491\">\n\t\t\t\t\t\t<section class=\"elementor-section elementor-top-section elementor-element elementor-element-4986c711 elementor-section-boxed elementor-section-height-default elementor-section-height-default\" data-id=\"4986c711\" data-element_type=\"section\">\n\t\t\t\t\t\t<div class=\"elementor-container elementor-column-gap-no\">\n\t\t\t\t\t<div class=\"elementor-column elementor-col-100 elementor-top-column elementor-element elementor-element-3f48e975\" data-id=\"3f48e975\" data-element_type=\"column\">\n\t\t\t<div class=\"elementor-widget-wrap elementor-element-populated\">\n\t\t\t\t\t\t<div class=\"elementor-element elementor-element-681390b4 elementor-widget elementor-widget-heading\" data-id=\"681390b4\" data-element_type=\"widget\" data-widget_type=\"heading.default\">\n\t\t\t\t<div class=\"elementor-widget-container\">\n\t\t\t\t\t<h2 class=\"elementor-heading-title elementor-size-default\">Trayectoria profesional<\/h2>\t\t\t\t<\/div>\n\t\t\t\t<\/div>\n\t\t\t\t<div class=\"elementor-element elementor-element-028cc91 elementor-widget elementor-widget-video\" data-id=\"028cc91\" data-element_type=\"widget\" data-settings=\"{&quot;video_type&quot;:&quot;vimeo&quot;}\" data-widget_type=\"video.default\">\n\t\t\t\t<div class=\"elementor-widget-container\">\n\t\t\t\t\t\t\t<div class=\"elementor-wrapper elementor-open-inline\">\n\t\t\t<iframe class=\"elementor-video-iframe\" allowfullscreen allow=\"clipboard-write\" title=\"Reproductor de v\u00eddeo vimeo\" src=\"https:\/\/player.vimeo.com\/video\/584930898?color&amp;autopause=0&amp;loop=0&amp;muted=0&amp;title=1&amp;portrait=1&amp;byline=1#t=\"><\/iframe>\t\t<\/div>\n\t\t\t\t\t\t<\/div>\n\t\t\t\t<\/div>\n\t\t\t\t<section class=\"elementor-section elementor-inner-section elementor-element elementor-element-17b27f78 elementor-section-full_width elementor-section-height-default elementor-section-height-default\" data-id=\"17b27f78\" data-element_type=\"section\">\n\t\t\t\t\t\t<div class=\"elementor-container elementor-column-gap-no\">\n\t\t\t\t\t<div class=\"elementor-column elementor-col-100 elementor-inner-column elementor-element elementor-element-7aae7e5e\" data-id=\"7aae7e5e\" data-element_type=\"column\">\n\t\t\t<div class=\"elementor-widget-wrap elementor-element-populated\">\n\t\t\t\t\t\t<div class=\"elementor-element elementor-element-1663f461 elementor-widget elementor-widget-text-editor\" data-id=\"1663f461\" data-element_type=\"widget\" data-widget_type=\"text-editor.default\">\n\t\t\t\t<div class=\"elementor-widget-container\">\n\t\t\t\t\t\t\t\t\t<p data-start=\"142\" data-end=\"457\">\n<\/p><p data-start=\"142\" data-end=\"457\">Soy <b>Pablo Fr\u00edas<\/b>,&nbsp; realizador freelance y editor de v\u00eddeo con sede en <b>Andaluc\u00eda<\/b>, <b>Espa\u00f1a<\/b>. Cuento con m\u00e1s de una d\u00e9cada de experiencia en el sector audiovisual, tanto a nivel nacional como internacional, aporto a cada proyecto una combinaci\u00f3n \u00fanica de narrativa cinematogr\u00e1fica, dominio t\u00e9cnico y gran capacidad de adaptaci\u00f3n.<\/p>\n<p data-start=\"459\" data-end=\"1186\">En 2014 fund\u00e9 <strong data-start=\"473\" data-end=\"495\">Butcher Shop Films<\/strong> en <b>Miami<\/b>, donde durante seis a\u00f1os trabaj\u00e9 como operador de c\u00e1mara, primer asistente de c\u00e1mara y editor de video para reconocidas empresas y cadenas de televisi\u00f3n. A lo largo de este tiempo, he participado en proyectos de todo tipo: desde <strong data-start=\"734\" data-end=\"758\">videoclips musicales<\/strong> y <strong data-start=\"761\" data-end=\"784\">spots publicitarios<\/strong> hasta <strong data-start=\"791\" data-end=\"832\">documentales, programas de televisi\u00f3n<\/strong> y <strong data-start=\"835\" data-end=\"859\">contenidos digitales<\/strong>. Adem\u00e1s, cuento con experiencia trabajando con <strong data-start=\"907\" data-end=\"949\">c\u00e1maras cinematogr\u00e1ficas profesionales<\/strong> y <strong data-start=\"952\" data-end=\"962\">drones<\/strong>, capturando im\u00e1genes con un alto nivel de calidad y precisi\u00f3n. He colaborado con grandes marcas y redes como <b>Yahoo<\/b>, <b>ESPN<\/b>, <b>NBC&nbsp;Telemundo<\/b>, <b>Univision<\/b>, <b>Nat Geo<\/b>, <b>Discovery<\/b>, <b>Televisa<\/b>, <b>Sony Music<\/b>, <b>Kids &amp; Family Central<\/b>,&nbsp;<b>U-Learn TV <\/b>y <b>Kanal D TV<\/b>, entre otras.<\/p>\n<p data-start=\"1188\" data-end=\"1612\">Me licenci\u00e9 en Comunicaci\u00f3n Audiovisual por la <strong data-start=\"1235\" data-end=\"1258\">University of Wales<\/strong> (2012) y manejo con fluidez herramientas de edici\u00f3n y gr\u00e1ficos como <b>Avid Media Composer<\/b>,<b> Premiere Pro<\/b>, <b>After Effects<\/b>, <b>DaVinci Resolve<\/b>, <b>Final Cut Pro<\/b>, <b>Sora IA<\/b> y desarrollo&nbsp;<b>WordPress<\/b>. Mi enfoque se centra en alcanzar la m\u00e1xima eficiencia en cada fase creativa, garantizando resultados excepcionales ya sea trabajando de forma independiente o como parte de un equipo.<\/p>\n<p data-start=\"1614\" data-end=\"2027\">Actualmente colaboro con clientes nacionales e internacionales participando en proyectos globales, aportando soluciones creativas y eficaces ante cualquier desaf\u00edo. Mi pasi\u00f3n se centra especialmente en crear contenido visual atractivo para los sectores del lujo, la moda y el real estate, donde combino mi habilidad narrativa con un profundo conocimiento de c\u00f3mo presentar propiedades y marcas de manera impactante en pantalla.<\/p>\n<p data-start=\"2029\" data-end=\"2174\">Cada proyecto es para m\u00ed una oportunidad de contar una historia \u00fanica. Estoy aqu\u00ed para ayudarte a transformar tu visi\u00f3n en im\u00e1genes cautivadoras.<\/p>\n<p><\/p>\n<p data-start=\"2176\" data-end=\"2230\">\u00bfHablamos? \u00a1Estoy listo para darle vida a tu historia!<\/p>\t\t\t\t\t\t\t\t<\/div>\n\t\t\t\t<\/div>\n\t\t\t\t<div class=\"elementor-element elementor-element-b0ede51 elementor-align-center elementor-widget elementor-widget-button\" data-id=\"b0ede51\" data-element_type=\"widget\" data-widget_type=\"button.default\">\n\t\t\t\t<div class=\"elementor-widget-container\">\n\t\t\t\t\t\t\t\t\t<div class=\"elementor-button-wrapper\">\n\t\t\t\t\t<a class=\"elementor-button elementor-button-link elementor-size-md\" href=\"https:\/\/pablofrias.com\/contact\/\">\n\t\t\t\t\t\t<span class=\"elementor-button-content-wrapper\">\n\t\t\t\t\t\t\t\t\t<span class=\"elementor-button-text\">Contacto<\/span>\n\t\t\t\t\t<\/span>\n\t\t\t\t\t<\/a>\n\t\t\t\t<\/div>\n\t\t\t\t\t\t\t\t<\/div>\n\t\t\t\t<\/div>\n\t\t\t\t\t<\/div>\n\t\t<\/div>\n\t\t\t\t\t<\/div>\n\t\t<\/section>\n\t\t\t\t\t<\/div>\n\t\t<\/div>\n\t\t\t\t\t<\/div>\n\t\t<\/section>\n\t\t\t\t<\/div>\n\t\t","protected":false},"excerpt":{"rendered":"<p>Trayectoria profesional https:\/\/vimeo.com\/manage\/videos\/584930898 Soy Pablo Fr\u00edas,&nbsp; realizador freelance y editor de v\u00eddeo con sede en Andaluc\u00eda, Espa\u00f1a. Cuento con m\u00e1s de una d\u00e9cada de experiencia en el sector audiovisual, tanto a nivel nacional como internacional, aporto a cada proyecto una combinaci\u00f3n \u00fanica de narrativa cinematogr\u00e1fica, dominio t\u00e9cnico y gran capacidad de adaptaci\u00f3n. En 2014 fund\u00e9 Butcher Shop Films en Miami, donde durante seis a\u00f1os trabaj\u00e9 como operador de c\u00e1mara, primer asistente de c\u00e1mara y editor [&hellip;]<\/p>\n","protected":false},"author":1,"featured_media":0,"parent":0,"menu_order":0,"comment_status":"closed","ping_status":"closed","template":"page-templates\/full-width-no-title.php","meta":{"inspiro_page_layout":"narrow","inspiro_hide_title":false,"footnotes":""},"class_list":["post-4491","page","type-page","status-publish","hentry"],"_links":{"self":[{"href":"https:\/\/pablofrias.com\/index.php\/wp-json\/wp\/v2\/pages\/4491","targetHints":{"allow":["GET"]}}],"collection":[{"href":"https:\/\/pablofrias.com\/index.php\/wp-json\/wp\/v2\/pages"}],"about":[{"href":"https:\/\/pablofrias.com\/index.php\/wp-json\/wp\/v2\/types\/page"}],"author":[{"embeddable":true,"href":"https:\/\/pablofrias.com\/index.php\/wp-json\/wp\/v2\/users\/1"}],"replies":[{"embeddable":true,"href":"https:\/\/pablofrias.com\/index.php\/wp-json\/wp\/v2\/comments?post=4491"}],"version-history":[{"count":19,"href":"https:\/\/pablofrias.com\/index.php\/wp-json\/wp\/v2\/pages\/4491\/revisions"}],"predecessor-version":[{"id":6328,"href":"https:\/\/pablofrias.com\/index.php\/wp-json\/wp\/v2\/pages\/4491\/revisions\/6328"}],"wp:attachment":[{"href":"https:\/\/pablofrias.com\/index.php\/wp-json\/wp\/v2\/media?parent=4491"}],"curies":[{"name":"wp","href":"https:\/\/api.w.org\/{rel}","templated":true}]}}